g) be the first derivative of -g**4/4 + 8*g**3/3 - 3*g**2/2 - 2*g - 3. Let y be u(6). Let r = y - 35. Calculate the greatest common divisor of 153 and r.
17
Suppose 4*j = -0*j + 36. Let k = 129 - j. What is the highest common divisor of 15 and k?
15
Let x(j) = -j + 3 + 6 - 2 + 5. Let t be x(-10). Calculate the greatest common factor of 2 and t.
2
Let i = 7 - -5. Suppose -3*h + 5*a + 41 = h, 0 = 5*h - 4*a - 58. Let c = h + -6. What is the greatest common factor of c and i?
4
Let z = 71 - 51. What is the highest common divisor of z and 50?
10
Let j = 4 + -2. Suppose -4*w + 87 = -3*r, -j*w + r - 31 = -4*w. Let a = -61 + 88. What is the highest common divisor of a and w?
9
Suppose -5*t = -77 + 27. Let g(y) = -y + 8. Let i be g(9). Let r be 91 + (-5 - i) + 3. Calculate the highest common divisor of r and t.
10
Let r = 23 + -14. Let l = -9 + r. Let y be l + 2/4*20. Calculate the highest common factor of 20 and y.
10
Suppose 48 = 49*j - 43*j. What is the greatest common divisor of 24 and j?
8
Let c be (1 - 2) + 0 + 4. Suppose 0 = 3*q + 2*r - 28, 5*q - 48 = -c*r + r. Calculate the highest common factor of 80 and q.
10
Let k be (-1)/(-3) + (-70)/(-6). Suppose 0 = 5*b - 4*o - 37 - 362, 2*o = -2. Suppose 379 = 5*j + b. What is the highest common divisor of j and k?
12
Let w = -32 + 46. Let l(n) = -15*n**3 + 1. Let i be l(-1). Suppose i = -4*a - 0*a, -4*d = -4*a - 464. Calculate the highest common factor of d and w.
14
Let q = 13 - -5. Let b = 33 - q. What is the greatest common divisor of b and 10?
5
Suppose -66 = -3*y + 2*y. Suppose -30 = -2*k + 2*z, 6*k - k + 4*z - y = 0. Calculate the greatest common divisor of k and 28.
14
Suppose 0 = -9*n + 10*n - 7. Calculate the greatest common divisor of 21 and n.
7
Suppose 0 = 2*p - 6 - 0. Suppose 10 = -p*j + 4*j. What is the greatest common factor of 40 and j?
10
Let a = 1 - -3. Suppose 4*c = -a*s, -2*c + 0*s = s. Suppose c = -t + 34 + 57. What is the greatest common divisor of t and 13?
13
Suppose 5 = q - 0*q + 3*t, 4*q - 5*t = 20. Suppose l + 7*h + 5 = 2*h, 0 = 3*l + q*h - 5. What is the greatest common divisor of l and 45?
5
Let n(f) = 4*f**3 - f**2 - 3*f + 3. Let p be n(2). Calculate the greatest common factor of 100 and p.
25
Let x = -15 + 25. Let f be 7 - (-134)/6 - 2/(-3). Calculate the highest common factor of x and f.
10
Let g be 2*((-114)/4)/3. Let b = g - -79. Suppose -5*p = 1 - 76. What is the highest common factor of b and p?
15
Let w be ((-2)/(-3))/(2/9). Let j(h) = h**2 - 8*h + 10. Let d be j(7). What is the highest common divisor of w and d?
3
Let l = -28 + 64. Let s = 12 - 0. Calculate the greatest common divisor of l and s.
12
Suppose -2*t = -4*t + 10. Calculate the greatest common divisor of 35 and t.
5
Let y be 4*1*(-12)/8. Let f = 34 - 21. Let r = y + f. Calculate the highest common divisor of r and 21.
7
Let g(y) = -23*y + 1. Let p be g(-1). What is the highest common factor of p and 3?
3
Let f(d) = d - 4. Let v be f(13). What is the highest common divisor of v and 9?
9
Let q(z) = -30*z + 15. Let a be q(-6). What is the greatest common factor of a and 15?
15
Let w be (1 - -2) + (-3 - -4). Suppose -w*f + 75 + 29 = 0. Calculate the greatest common factor of 13 and f.
13
Let k(o) = o**3 + 12*o**2 + 6*o + 1. Let c be k(-11). What is the greatest common factor of c and 84?
28
Suppose -q = 4*q - 3*i - 44, -2*i + 14 = q. Suppose 3*t + 10 = t. Let x be t*(2 + (-44)/q). What is the greatest common divisor of x and 36?
12
Let x = -14 + 23. Calculate the greatest common divisor of x and 99.
9
Let z(d) = 5*d. Let r be z(3). Calculate the highest common divisor of 165 and r.
15
Let x = -1 - -7. What is the highest common factor of x and 8?
2
Let u(f) = -f**2 - 5*f + 10. Let t be u(-6). Calculate the greatest common divisor of 1 and t.
1
Let d(r) = r**2 - r - 4. Let v be d(3). Suppose 4*n + 24 = 6*n. What is the greatest common divisor of n and v?
2
Suppose 0 = 5*a + a + 78. Let p = 19 - a. What is the highest common divisor of p and 4?
4
Suppose -m + 2*x + 20 = 2*m, -5*x = 20. Suppose -3*j - 133 = -m*j. Let q = -10 - -29. Calculate the greatest common divisor of j and q.
19
Suppose -30 = -2*z + z. Suppose -3*v - 6 = z. Let g = v - -20. Calculate the greatest common factor of g and 56.
8
Suppose -5*h = -2*c - 19 - 3, -4*h + 3*c = -19. Suppose 7*o - 2*k - 327 = 4*o, -109 = -o + k. Let a = -77 + o. What is the greatest common divisor of h and a?
4
Let c = 6 - 2. Suppose c*n = -n + 5, -v - 3*n + 13 = 0. Suppose v*x - 440 = 5*x. Calculate the greatest common factor of x and 8.
8
Let t(w) = w**2 + w + 1. Let o be t(-4). Calculate the highest common divisor of o and 104.
13
Let v be (-3)/4*(-4 - 0). Suppose 3*f - 84 = -5*n, 3*f = v*n - 2*n - 24. What is the highest common divisor of 144 and n?
18
Let n = 40 - 18. Calculate the highest common divisor of n and 22.
22
Let t be 4/(-10) + 291/15. Let l be 505/4 + 3/(-12). Suppose 38 = 5*i - y - 149, 3*i + 4*y = l. Calculate the highest common divisor of t and i.
19
Let c be (-33)/(-4) - 3/12. Let b be (-1 - 3/3) + 8. Let x be ((-8)/b)/((-4)/6). What is the greatest common factor of c and x?
2
Let h = 6 - -10. Let g(n) = -379*n + 1. Let d be g(-1). Let c = d + -204. Calculate the highest common factor of c and h.
16
Suppose -3*g + 21 = -6. Suppose -4*j = -4 - 4. Suppose -m + j = -g. Calculate the highest common divisor of m and 11.
11
Let f(s) = s**2 + 3*s + 3. Let t be f(-2). Let k(b) = 17*b + 1. Let a be k(t). What is the highest common factor of 6 and a?
6
Suppose -4*d + 1 = -27. Calculate the greatest common factor of 49 and d.
7
Suppose -5*m + 18 = 2*o - 4*o, -5*o + 4*m = 11. What is the greatest common factor of 6 and o?
1
Suppose -5*v - i + 12 = 0, 0 = -3*v + i + 3 + 9. Suppose -88 = -v*j - j. Suppose -2*p + j = 8. Calculate the greatest common factor of 49 and p.
7
Suppose -4*y + 83 = 3*l, -2*y = -2*l + 10 + 22. Let z(f) = 2*f**2 + 7*f + 10. Let x be z(-3). What is the highest common divisor of l and x?
7
Suppose 620 = -5*g + 10*g. Calculate the highest common divisor of 31 and g.
31
Let k be (-48)/(-9) + -6 - (-17)/3. What is the highest common divisor of 2 and k?
1
Let d be (8/5)/((-4)/(-30)). Let w(z) = z**2 + 2 + 0*z - 2*z + z. Let j be w(-2). Calculate the greatest common divisor of d and j.
4
Let y be -2 + 101 + (-2 - -3). Let m = 127 + -107. Calculate the greatest common divisor of m and y.
20
Let i = 15 + -12. Calculate the highest common divisor of 9 and i.
3
Let f = 10 + -7. Let j be (f/(-2))/(9/60). Let w = j - -17. Calculate the highest common factor of 56 and w.
7
Suppose 4*y + 12*y - 256 = 0. What is the highest common factor of 112 and y?
16
Let z(y) = -y + 9. Let f be z(6). Suppose 46 = f*o + 1. Calculate the highest common factor of 5 and o.
5
Suppose j - 1 = 0, 28 = -g + 4*g + 4*j. Let n = -260 - -402. Suppose 2*t - n = 34. What is the highest common factor of g and t?
8
Suppose -5*r = 3*m + 134, -60 = 4*r - 2*r - 2*m. Let l = -13 - r. Let y = 1 - -4. Calculate the highest common divisor of y and l.
5
Suppose 4*g - q = 114 + 250, 182 = 2*g - q. Let u = g - 49. Calculate the greatest common factor of u and 6.
6
Suppose 32*p - 172 = 30*p. Calculate the greatest common divisor of 43 and p.
43
Let m(x) = x**2 - 2*x + 3. Let p be m(3). Let w be (39/2)/(1/p). Suppose 0 = -5*y, 0*y = -2*j - 5*y + 26. Calculate the highest common factor of j and w.
13
Suppose m - 5 = -4*m. Let q be (m + -13)/((-3)/4). Let n be (14/6)/(2/96). What is the highest common divisor of q and n?
16
Let z(l) = -l - 15. Let d be z(-17). What is the highest common factor of 4 and d?
2
Suppose 10 = 3*c + 1, -4*f + 39 = c. Calculate the greatest common divisor of f and 63.
9
Suppose 318 = 5*b + 4*m, 0 = 3*m - 0*m - 6. What is the highest common factor of 31 and b?
31
Suppose i - 89 = 29. Suppose 694 - i = 4*b. Calculate the greatest common divisor of 18 and b.
18
Suppose -70*h + 99 = -61*h. What is the highest common factor of 275 and h?
11
Let l be (-22)/(-4) - 1/2. Suppose -2*v + l = -5. Suppose 3*r = 6*r - 15. What is the highest common divisor of r and v?
5
Let g = 137 + -71. Let x(l) = l**2 - 9*l - 4. Let c be x(10). What is the greatest common factor of c and g?
6
Let u = 121 + -96. What is the highest common divisor of 15 and u?
5
Suppose 3*v = s + 22, -3*v + 18 = 